- 3238353?
-3238370
In base 8, what is -31047752 + 0?
-31047752
In base 9, what is 20 + -1325?
-1305
In base 9, what is -1510850 - -30?
-1510820
In base 8, what is -35 + 4003270?
4003233
In base 7, what is -14 + 4434345?
4434331
In base 7, what is -53410 + 2526?
-50551
In base 9, what is 600668 + 7?
600676
In base 10, what is -40815462 + -25?
-40815487
In base 12, what is -63a98725 + 3?
-63a98722
In base 11, what is 6 + 2105a2?
2105a8
In base 8, what is 2 + 27707724?
27707726
In base 12, what is 571522289 - -2?
57152228b
In base 7, what is 1022540 - -105?
1022645
In base 7, what is 1404 + -610554?
-606150
In base 2, what is -1011001111000000111 - 1000?
-1011001111000001111
In base 2, what is -1001100101111000001 + -11001?
-1001100101111011010
In base 10, what is 3 - -5697064?
5697067
In base 8, what is 5 - 100212515?
-100212510
In base 10, what is -280353 + 1133?
-279220
In base 6, what is -20541441440 - 2?
-20541441442
In base 2, what is -10011011110100111 - -101011?
-10011011101111100
In base 7, what is 1424016 + -1?
1424015
In base 5, what is -12103 - 323040?
-340143
In base 5, what is -4203 - -2000342?
1441134
In base 6, what is -30 - -102014524?
102014454
In base 6, what is -11201542451 - 4?
-11201542455
In base 6, what is -25 - -25531013?
25530544
In base 8, what is -4544756 - 34?
-4545012
In base 13, what is 13 - -7688ab7?
7688aca
In base 15, what is 375a + -7d5?
2e75
In base 13, what is -13b - 412a8?
-41416
In base 12, what is -2 + 927b20b?
927b209
In base 5, what is -1 + 14201233400?
14201233344
In base 13, what is 79 + -32310?
-32264
In base 3, what is -2212201122 + -22200120?
-10012102012
In base 13, what is -2 + -5710bb6?
-5710bb8
In base 14, what is 4a49320 + b?
4a4932b
In base 7, what is 0 + 405442012?
405442012
In base 2, what is 1001001010010011011 - -111?
1001001010010100010
In base 14, what is 12 + -95287bc?
-95287aa
In base 6, what is 0 + 105040010?
105040010
In base 11, what is -3 - 363700?
-363703
In base 14, what is -3 + dc467a5?
dc467a2
In base 11, what is 2 + -395a7a18?
-395a7a16
In base 3, what is -2202 - 10201220012020?
-10201220021222
In base 3, what is -110011210122 + 110211?
-110011022211
In base 11, what is -9112a - -17?
-91113
In base 7, what is 6346 + 326016?
335365
In base 13, what is -50090 + 618?
-4c775
In base 2, what is 1100 - -101111010000011010011011?
101111010000011010100111
In base 13, what is 475 - -45845?
45cba
In base 9, what is -5 - 24868781?
-24868786
In base 16, what is 70e0638 - b?
70e062d
In base 4, what is 32 + 20010031211?
20010031303
In base 5, what is 40 - 13402204131?
-13402204041
In base 2, what is 10001000110 - -1100100100101101000?
1100100110110101110
In base 4, what is -11212322112 + -1321?
-11212330033
In base 6, what is 125251 - 253?
124554
In base 13, what is 50 - 166c52?
-166c02
In base 15, what is -3d0 - 9201?
-95d1
In base 9, what is 241733 - -1458?
243302
In base 15, what is e5079 - -21?
e509a
In base 15, what is -4 + 63d6169?
63d6165
In base 13, what is 10 + 1a9b?
1aab
In base 5, what is 12434122 + -110?
12434012
In base 14, what is 1c - 50564?
-50546
In base 15, what is -29bd + -390?
-2d5d
In base 6, what is -222223140 - 3?
-222223143
In base 4, what is 1023311023 - -320?
1023312003
In base 15, what is -19ee5401 - -3?
-19ee53ed
In base 3, what is 2011011000022 + 112?
2011011000211
In base 14, what is -c + 103a4?
10396
In base 3, what is 1020112110021022 - 2?
1020112110021020
In base 2, what is 0 + 10000100100010100101101?
10000100100010100101101
In base 8, what is 67 + -10425204?
-10425115
In base 15, what is 69946 + -2?
69944
In base 8, what is -11 - 34704570?
-34704601
In base 13, what is 9b + -376478?
-3763aa
In base 13, what is -436 - -a806?
a3a0
In base 11, what is 32 - -294986?
294a08
In base 7, what is -361235 + 13253?
-344652
In base 9, what is -225 - 68811?
-70136
In base 13, what is 369c6a3 - 11?
369c692
In base 5, what is -2243 + -10121411?
-10124204
In base 7, what is -4210 + 1563420?
1556210
In base 4, what is 322101120 + 10131?
322111311
In base 3, what is -10011 + 110200212000?
110200201212
In base 6, what is -2151133225 + 5?
-2151133220
In base 15, what is 13c - 5761?
-5624
In base 5, what is -304000 + -233?
-304233
In base 9, what is -4 - -7187525?
7187521
In base 14, what is 312 - -670a?
6a1c
In base 5, what is -221 + -4032322?
-4033043
In base 14, what is 37b6a - 27?
37b43
In base 10, what is 0 + 40869479?
40869479
In base 10, what is 4 + 1540292?
1540296
In base 4, what is 322020 - -12030002?
13012022
In base 11, what is -17131124 - -1?
-17131123
In base 15, what is -39 - -16988d?
169854
In base 8, what is -10470 + -42?
-10532
In base 7, what is -46 + -3253612?
-3253661
In base 12, what is -7 - -13b339b?
13b3394
In base 13, what is -296 + -15bc9?
-16192
In base 7, what is 165542555 - -33?
165542621
In base 8, what is -15 - 103172376?
-103172413
In base 2, what is -1 - 100110011010001111111110101?
-100110011010001111111110110
In base 7, what is 1415656 - 3?
1415653
In base 7, what is -26 - -1115316010?
1115315651
In base 3, what is 111110 + 220212121?
221101001
In base 3, what is 20201102202220 + -11?
20201102202202
In base 14, what is 1258 + -aac2b?
-a99b3
In base 14, what is -25d79 - -150?
-25c29
In base 9, what is -24007146 - 5?
-24007152
In base 5, what is 10110 + 313221?
323331
In base 5, what is 13 + -1404213220?
-1404213202
In base 7, what is -12 - -240412135?
240412123
In base 8, what is 202 + -262075?
-261673
In base 8, what is -323553572 - 4?
-323553576
In base 10, what is -685948638 - 4?
-685948642
In base 8, what is 5 + 250375?
250402
In base 14, what is -1617cd - -87?
-161746
In base 5, what is -43221 - -100012?
1241
In base 14, what is -61699 - 3c?
-616d7
In base 5, what is -1202 + 4013412?
4012210
In base 2, what is 100010100 - -1011000111001010010011?
1011000111001110100111
In base 7, what is -53 + -20665636?
-20666022
In base 14, what is 3959 - 704?
3255
In base 16, what is 2281 - -103?
2384
In base 10, what is 0 - -241258?
241258
In base 15, what is -5 + -1418d86?
-1418d8b
In base 7, what is -15 - -22203213?
22203165
In base 12, what is 2410283 - -25?
24102a8
In base 4, what is 11 - 11331211332300?
-11331211332223
In base 5, what is 20204032 - 222?
20203310
In base 12, what is aa - 322a0?
-321b2
In base 14, what is 10dbd463 - -4?
10dbd467
In base 8, what is 5 + -31460136?
-31460131
In base 5, what is 341 + -112212413?
-112212022
In base 9, what is -1280660 - -1068?
-1278581
In base 16, what is -e56a2 - c?
-e56ae
In base 15, what is 14e0dd + -1e?
14e0be
In base 2, what is -111 - 1100000110111011100100000111?
-1100000110111011100100001110
In base 2, what is 1001001111011000110011 - -1100?
1001001111011000111111
In base 15, what is -3 - -269162?
26915e
In base 11, what is -1 + 47604a1?
47604a0
In base 3, what is 2020 + 1000002200111?
1000002202201
In base 5, what is 30 - -2041231332?
2041231412
In base 3, what is 102102221 + -1211100?
100121121
In base 7, what is 43664 - 43013?
651
In base 13, what is -a6 - 159747?
-159820
In base 13, what is 995 - -3714?
43a9
In base 4, what is 12 + -2233032033?
-2233032021
In base 14, what is d5b7d - 291?
d58cc
In base 4, what is -112330 - -223300?
110310
In base 2, what is 10 - -1111101010000111100111?
1111101010000111101001
In base 11, what is -20 + 22525846?
22525826
In base 11, what is -5510405 - 0?
-5510405
In base 13, what is -6 + -890a1?
-890a7
In base 7, what is -10 + -61301045?
-61301055
In base 10, what is -14209 + 21849?
7640
In base 6, what is -1355023340 - 4?
-1355023344
In base 8, what is 0 - 14553123?
-14553123
In base 9, what is 2 + 12541600?
12541602
In base 8, what is 4 - -157675436?
157675442
In base 5, what is -21 - 33220110?
-33220131
In base 16, what is 141 + -1c215f?
-1c201e
In base 2, what is 1100 + -1000011101111001101?
-1000011101111000001
In base 7, what is 35530333 + -1?
35530332
In base 11, what is -542104 + -13a?
-542243
In base 13, what is 1cb5a - -ab6?
20943
In base 5, what is 13 + 1420402043?
1420402111
In base 12, what is 0 + 3abb199?
3abb199
In base 6, what is -10045453225 + -3?
-10045453232
In base 6, what is -2154 + 400241?
354043
In base 3, what is -221200 - 22210100021?
-22211021221
In base 9, what is 5 - -3824734?
3824740
In base 14, what is 3046 + 2186?
51cc
In ba